of a and 20?
5
Let s be 23 + (2 - (-6 + 6)). Let l be 0 + (22 - -2 - -1). Calculate the highest common factor of s and l.
25
Suppose 0 = -0*k + 4*k - 8. Let v be (-3)/(-9)*-3*7. Let x be 207/63 - (-2)/v. What is the greatest common factor of x and k?
1
Let u = -271 + 152. Let r = 121 + u. Calculate the highest common divisor of r and 14.
2
Suppose -7*v + 378 = -v. Let d = -57 + v. What is the greatest common factor of d and 66?
6
Let h = 954 - 924. Let a = -11 + 21. What is the highest common factor of a and h?
10
Let r(p) = -p + 2*p - 1 + 3 + 1. Let x be r(0). Suppose -x*c + 51 = -306. What is the greatest common divisor of c and 17?
17
Let l be -1 + (-3 - -5)*2. Suppose -2*w + 0*s - 2*s = -156, l*w = s + 230. Calculate the greatest common factor of 11 and w.
11
Let q(u) be the third derivative of 197*u**5/60 - u**4/12 + u**3/6 + 19*u**2. Let p be q(1). Calculate the greatest common factor of 28 and p.
28
Suppose -1196 = -155*q + 153*q. Calculate the highest common divisor of q and 92.
46
Let a(t) = 6*t**2 + 32*t - t**2 + t**3 - 27*t + 0 + 5. Let c be a(-3). Let q = -3 + 4. What is the highest common divisor of q and c?
1
Let z = -20 - -27. Suppose 3*f - z - 8 = 0. What is the highest common factor of 5 and f?
5
Let t = -1103 - -2300. What is the greatest common factor of 19 and t?
19
Let i = -351 + 360. What is the highest common factor of i and 387?
9
Let c be ((-2)/4)/(2 + (-120393)/60192). What is the greatest common divisor of 19 and c?
19
Suppose 2*o = 4, -5*o + 112 = 3*b - 0*o. Calculate the greatest common factor of b and 1037.
17
Let j be (2 + -1)*-1 - -27. Let v(b) = 2*b**3 + 110*b**2 - 2*b + 20. Let o be v(-55). Calculate the greatest common divisor of j and o.
26
Let y be (0/4)/3 - -614. Suppose -y = -5*o - 64. What is the highest common factor of o and 22?
22
Let d(b) = 2*b + 32. Let c be -3*(-4 - (-22)/3). Let s be d(c). What is the highest common divisor of 48 and s?
12
Let b be -1 - 4/((-12)/15). Suppose b*z - 6*z + 4 = 0. Let o = z + 26. Calculate the highest common divisor of o and 42.
14
Let r be (5/(-10))/(4/(-120)). Calculate the greatest common divisor of r and 20.
5
Let d be (-48)/56*(-28)/6. Suppose -3*z + 0*z = -2*l - 3, 3*l - d*z + 3 = 0. Calculate the greatest common factor of l and 24.
3
Suppose 2*l = -14 + 2. Let n(v) = 2*v + 6. Let z be n(l). Let r be ((-14)/6)/(2/z). Calculate the greatest common factor of 21 and r.
7
Suppose 94 = 4*b + y - 14, 4*y = b - 10. Calculate the highest common divisor of b and 143.
13
Let k be (-9)/(4/16*-2). Let j be (486/(-4))/(27/(-36)). What is the greatest common divisor of k and j?
18
Let l = -90 + 54. Let z = 38 + l. Calculate the greatest common divisor of 8 and z.
2
Let k = 155 + -150. Suppose -3*p - k*m = -m + 3, -p + m = -6. Calculate the greatest common factor of 33 and p.
3
Suppose -6 = 2*g - 5*r - 43, -4*g + 5*r = -49. Calculate the highest common factor of g and 27.
3
Let m(s) = -s**2 - 25*s - 149. Let h be m(-15). Let w be (30/9)/5*3. What is the greatest common factor of w and h?
1
Let r(m) = 11*m**2 + 116*m - 470. Let b be r(4). What is the greatest common divisor of 765 and b?
85
Let x = -34 - -179. Let v = 49 - 20. Calculate the greatest common divisor of x and v.
29
Suppose -3*v + 302 - 14 = 0. Let y be (-1)/(-1)*(2 - 2). Let o be y/3 + 16 - 4. What is the highest common factor of v and o?
12
Let m(d) = d**2 - 8*d + 11. Let u be m(4). Let q be 5/u - (-11 + -1). Calculate the highest common factor of 11 and q.
11
Let r = -12 - 0. Let n be ((-2)/r)/((-21)/(-126)). Calculate the greatest common factor of 5 and n.
1
Let b(v) = v**2 - 20*v + 2. Let l be b(20). Suppose -l*n = 5*d - 93, -4 = -2*n + n. Calculate the greatest common divisor of 221 and d.
17
Suppose 0 = -0*q + q. Suppose q*n + n = 2. Let j be (-6 - -3 - -41) + n. Calculate the highest common factor of 40 and j.
40
Suppose -27*u + 126 = -18*u. What is the highest common divisor of 224 and u?
14
Let u = 952 + -865. Let z(d) = -d**3 - 3*d**2 - 3*d - 7. Let p be z(-5). What is the greatest common divisor of u and p?
29
Suppose -5*b + b + 12 = 0. Suppose -10 = -b*j - 2*j. Suppose 0 = j*h - 4, 0 = 4*x + h + 118 - 948. What is the greatest common factor of 23 and x?
23
Let y = 135 + -53. Let l = y + -76. Calculate the greatest common divisor of l and 27.
3
Suppose 2*q - 12 = 8. Let n = 23 + -7. Suppose n = 3*x + 4, 0 = -3*v - x + 274. What is the greatest common factor of q and v?
10
Suppose n + 216 = 4*n. Let p be (-2)/(-4*3/6). Let k(t) = 7*t + 1. Let z be k(p). Calculate the greatest common factor of n and z.
8
Suppose 17*v + 30 = 12*v. Let p(h) = -2*h + 11. Let m be p(v). Let d = m + -14. What is the highest common divisor of 45 and d?
9
Suppose 110*d - 119*d + 1458 = 0. What is the highest common divisor of d and 36?
18
Let i(t) be the second derivative of -7*t**3/2 + 9*t. Let u be i(-2). What is the highest common factor of u and 28?
14
Suppose -4*g + 1295 = g. What is the highest common divisor of 7 and g?
7
Let s = -58 - -90. Suppose -y - h = -4, y = -2*h + 20 - 15. Suppose -y*z + s = z. Calculate the highest common divisor of z and 88.
8
Let m be 9/(3/((-12)/(-4))). Let u(k) = -k**3 + 7*k**2 + 9. Let n be u(7). Calculate the highest common factor of m and n.
9
Let a(u) = -2*u**3 + 33*u**2 + 19*u + 18. Let z be a(17). What is the highest common divisor of 273 and z?
13
Let t = -179 + 194. What is the highest common divisor of 3 and t?
3
Suppose 5*i + 15 = 0, 3*s + 3*i = -2*i + 465. Suppose 3*a + a = s. Calculate the greatest common factor of a and 4.
4
Suppose -1406 = -18*c - 488. Calculate the highest common factor of c and 9.
3
Suppose 4*k = 4*v - v + 3, -5*k = -4*v - 3. Let w be -15*(52/39 - 1*k). Calculate the greatest common divisor of w and 10.
5
Let s(k) = -k**2 + 20*k + 170. Let a be s(25). Calculate the greatest common factor of 207 and a.
9
Let w = -1343 + 1937. Calculate the highest common divisor of 22 and w.
22
Let z be 4/(-10)*(-8 - -3). Let r be (0 + 1)*66 - z. Let v be (-5)/10*4 - -10*1. Calculate the highest common divisor of v and r.
8
Let g = -27 - -19. Let h be (g + 6)/((-2)/3). Calculate the greatest common factor of h and 1.
1
Suppose -3*h - 3*z + 1159 = 2*z, -3*h - 3*z = -1149. Let t(k) = 4*k**3 - 51*k**2 - 127. Let u be t(13). What is the greatest common factor of u and h?
42
Suppose -4*a + 999 + 1993 = 0. Suppose -19*q = -8*q - a. Calculate the highest common divisor of q and 102.
34
Let f(v) = -4*v - 2. Let p be f(-8). Suppose 5*q = 3*u + 30, 2*u - q - p = 5*u. Let m be (-2)/u - 177/(-15). What is the greatest common divisor of m and 84?
12
Let l = -1 + 1. Let g = -58 + 71. Let t = g + l. Calculate the greatest common factor of t and 65.
13
Let x = -53 + 177. Suppose -5*g = -3*u + 5*u + 48, -x = 4*u + 3*g. Let q = u - -40. Calculate the greatest common factor of q and 42.
6
Suppose -2*g + 1 = -3*f, 0 = 4*g + 3*f - 24 - 5. Suppose -48 - 87 = -g*u. What is the greatest common factor of 3 and u?
3
Suppose -30072 = -63*w + 231. What is the greatest common divisor of 13 and w?
13
Let y be 2 - 6*109/(-2). Suppose 4*p = 13 - y. Let d = p + 112. What is the greatest common divisor of 264 and d?
33
Let h be ((-5)/(-2))/((-103)/(-2678)). Calculate the greatest common factor of 455 and h.
65
Suppose 0 = -5*o + 2022 + 418. Suppose -108 = 4*x - o. What is the greatest common factor of 19 and x?
19
Let o(p) = 15*p - 66. Let y be o(9). Let w = y + -37. Calculate the greatest common factor of 256 and w.
32
Let f(k) = k**2 + 14*k + 6. Let o be f(-13). Let v be (-66)/o + 3/(-7). Suppose -7 = -c + v. Calculate the highest common factor of c and 2.
2
Let x = 154 - 145. Calculate the greatest common factor of x and 4.
1
Let i(q) = 66*q**2 + 8*q + 4. Let n be i(-2). Let u(f) = f**2 - f + 42. Let v be u(0). What is the highest common divisor of v and n?
42
Let y(q) = 5*q - 15. Suppose -6*f = -27 - 27. Let u be y(f). Calculate the greatest common divisor of 30 and u.
30
Let l = 51 - 33. Let q = l + -14. Calculate the greatest common factor of q and 12.
4
Let k(w) = w**3 + 2*w**2 + 4*w + 3. Let m(q) = -q**2 - 5*q + 3. Let b be m(-6). Let l be k(b). Let c = -8 - l. What is the greatest common divisor of 80 and c?
10
Suppose 0 = 2*p - i - 3603, 0 = -3*p - 3*i + 3458 + 1969. Calculate the highest common 